511106?
173
Calculate the remainder when 2295972 is divided by 2295674.
298
Calculate the remainder when 215464 is divided by 1049.
419
Calculate the remainder when 21175353 is divided by 1764612.
9
What is the remainder when 2718176 is divided by 23?
13
Calculate the remainder when 4834583 is divided by 475.
33
What is the remainder when 688326 is divided by 423?
105
Calculate the remainder when 2938350 is divided by 705.
615
Calculate the remainder when 126528 is divided by 50.
28
What is the remainder when 6905 is divided by 6052?
853
What is the remainder when 16354754 is divided by 278?
14
What is the remainder when 27863654 is divided by 6965913?
2
Calculate the remainder when 2333809 is divided by 56922.
7
What is the remainder when 336779 is divided by 111964?
887
What is the remainder when 1638188 is divided by 4694?
4676
Calculate the remainder when 59314 is divided by 2371.
39
Calculate the remainder when 876900 is divided by 183.
147
Calculate the remainder when 30173 is divided by 246.
161
Calculate the remainder when 142845 is divided by 830.
85
What is the remainder when 148523 is divided by 1905?
1838
Calculate the remainder when 160528109 is divided by 1029.
1022
Calculate the remainder when 23074444 is divided by 678659.
38
Calculate the remainder when 134356017 is divided by 20.
17
Calculate the remainder when 47148 is divided by 23509.
130
What is the remainder when 10952627 is divided by 5476261?
105
Calculate the remainder when 254383 is divided by 7949.
15
What is the remainder when 81805806 is divided by 417?
414
Calculate the remainder when 130149 is divided by 28628.
15637
Calculate the remainder when 50195631 is divided by 440.
431
What is the remainder when 809707795 is divided by 55?
50
Calculate the remainder when 9460964 is divided by 101.
92
What is the remainder when 14777 is divided by 221?
191
What is the remainder when 5869091 is divided by 58?
13
Calculate the remainder when 255728 is divided by 1015.
963
What is the remainder when 27217825 is divided by 1360888?
65
Calculate the remainder when 123985 is divided by 813.
409
Calculate the remainder when 5883006 is divided by 44.
30
What is the remainder when 244718 is divided by 15286?
142
Calculate the remainder when 295881 is divided by 706.
67
Calculate the remainder when 948877 is divided by 32.
13
Calculate the remainder when 1171363 is divided by 396.
391
Calculate the remainder when 76164 is divided by 864.
132
Calculate the remainder when 2399240 is divided by 35.
25
What is the remainder when 1510682 is divided by 302?
78
Calculate the remainder when 2368136 is divided by 23.
10
Calculate the remainder when 1201916 is divided by 600956.
4
What is the remainder when 39597 is divided by 3295?
57
What is the remainder when 48730641 is divided by 1730?
1
What is the remainder when 27265 is divided by 1490?
445
What is the remainder when 1511765 is divided by 25623?
8
Calculate the remainder when 4335 is divided by 3798.
537
Calculate the remainder when 11841753 is divided by 1314.
1299
Calculate the remainder when 14067024 is divided by 351.
348
What is the remainder when 21500 is divided by 78?
50
What is the remainder when 8068535 is divided by 144079?
111
Calculate the remainder when 889930 is divided by 569.
14
Calculate the remainder when 5874987 is divided by 47.
34
Calculate the remainder when 519909 is divided by 1751.
1613
Calculate the remainder when 7873368 is divided by 6.
0
Calculate the remainder when 45198 is divided by 45092.
106
What is the remainder when 19041068 is divided by 88563?
23
Calculate the remainder when 44142065 is divided by 4957.
4937
Calculate the remainder when 15940 is divided by 1230.
1180
What is the remainder when 52320000 is divided by 64?
0
Calculate the remainder when 330707 is divided by 2559.
596
Calculate the remainder when 1414920 is divided by 27.
12
What is the remainder when 40727662 is divided by 144?
142
Calculate the remainder when 1090041 is divided by 2271.
2232
Calculate the remainder when 158179 is divided by 3251.
2131
What is the remainder when 310055293 is divided by 436?
433
What is the remainder when 58467 is divided by 19441?
144
What is the remainder when 6807750 is divided by 401?
374
What is the remainder when 1060008 is divided by 1059933?
75
Calculate the remainder when 35875 is divided by 446.
195
What is the remainder when 3975816 is divided by 1472?
1416
What is the remainder when 6238661 is divided by 1425?
11
What is the remainder when 1707675 is divided by 44?
35
Calculate the remainder when 38272 is divided by 12695.
187
Calculate the remainder when 20790 is divided by 1617.
1386
Calculate the remainder when 1117632 is divided by 774.
750
What is the remainder when 250271 is divided by 31194?
719
What is the remainder when 52008 is divided by 4225?
1308
Calculate the remainder when 345458 is divided by 87.
68
What is the remainder when 23711 is divided by 8?
7
Calculate the remainder when 1248938 is divided by 9682.
9642
What is the remainder when 4605775 is divided by 3042?
187
Calculate the remainder when 1334720 is divided by 781.
772
Calculate the remainder when 200378666 is divided by 7.
5
What is the remainder when 69974398 is divided by 740?
738
What is the remainder when 59825825 is divided by 622?
621
What is the remainder when 6763176 is divided by 89?
66
What is the remainder when 264006 is divided by 3939?
93
Calculate the remainder when 57859855 is divided by 144.
79
What is the remainder when 2684321 is divided by 335539?
9
Calculate the remainder when 46299953 is divided by 4.
1
What is the remainder when 135082 is divided by 479?
4
Calculate the remainder when 185545031 is divided by 46386255.
11
What is the remainder when 5181404 is divided by 2869?
2859
What is the remainder when 12022 is divided by 2987?
74
Calculate the remainder when 15138 is divided by 649.
211
What is the remainder when 4507 is divided by 4495?
12
Calculate the remainder when 33019 is divided by 5044.
2755
What is the remainder when 1897944 is divided by 118619?
40
What is the remainder when 2129114 is divided by 7?
1
Calculate the remainder when 1130780 is divided by 936.
92
Calculate the remainder when 38627100 is divided by 25700.
0
What is the remainder when 1605169 is divided by 145924?
5
Calculate the remainder when 3858 is divided by 418.
96
Calculate the remainder when 20870782 is divided by 18.
16
What is the remainder when 5930372 is divided by 116?
104
What is the remainder when 2721247 is divided by 19863?
16
What is the remainder when 22058 is divided by 1470?
8
Calculate the remainder when 468930 is divided by 174.
0
Calculate the remainder when 14630 is divided by 1139.
962
What is the remainder when 79348734 is divided by 1779?
1776
What is the remainder when 330760117 is divided by 82690027?
9
Calculate the remainder when 904218 is divided by 5989.
5868
What is the remainder when 43122 is divided by 21406?
310
Calculate the remainder when 4435805 is divided by 71.
9
What is the remainder when 1760766 is divided by 515?
496
Calculate the remainder when 108276304 is divided by 1338.
1330
Calculate the remainder when 15258980 is divided by 165.
110
Calculate the remainder when 26292825 is divided by 238.
13
What is the remainder when 652291 is divided by 3049?
2854
What is the remainder when 3340377 is divided by 23?
18
Calculate the remainder when 24037 is divided by 1753.
1248
What is the remainder when 83538 is divided by 82798?
740
Calculate the remainder when 223933 is divided by 447.
433
What is the remainder when 30416439 is divided by 1702?
1699
Calculate the remainder when 19370 is divided by 18400.
970
Calculate the remainder when 409406 is divided by 204607.
192
What is the remainder when 41264716 is divided by 213?
13
Calculate the remainder when 2682932 is divided by 284.
268
Calculate the remainder when 625947253 is divided by 22.
19
What is the remainder when 10166318 is divided by 5083088?
142
Calculate the remainder when 226740 is divided by 56637.
192
Calculate the remainder when 1142416 is divided by 27863.
33
Calculate the remainder when 52068144 is divided by 26.
24
What is the remainder when 2768745 is divided by 3406?
3073
What is the remainder when 3